*w - 144, -2*w = -3*k + 142. Calculate the remainder when k is divided by 16.
14
Suppose 2*l - l - 33 = 0. Suppose -10*h = -5*h - 85. Calculate the remainder when l is divided by h.
16
Suppose -4*k - 5*g = -84, -4*k - 42 = 2*g - 126. What is the remainder when k is divided by (0 - 2/(-2)) + 11?
9
Let k(u) = -u**2 - 14*u - 14. What is the remainder when k(-11) is divided by 11?
8
Let y = -5 + 16. Let r = 8 + y. What is the remainder when 35 is divided by r?
16
Suppose 4*u - 9 = 31. Let b(n) = n**3 - 12*n**2 + 15*n - 16. What is the remainder when b(11) is divided by u?
8
Let k be (-2 - (-2)/3)*9. Let x = 180 - 104. Calculate the remainder when x is divided by (-3)/k - (-206)/8.
24
Let d(o) = -3*o**3 + 2*o + 1. Let c be d(-1). Let m = 21 - c. What is the remainder when 55 is divided by m?
17
Let i(p) = 0 - 3*p + 6 - 1. Let x be i(5). What is the remainder when (-6)/15 + (-284)/x is divided by 10?
8
Let d be 2/(-13) + 594/(-26). Let f = 34 + d. What is the remainder when 4/10 + (-316)/(-10) is divided by f?
10
Let n be 8/(-6)*(5 + -8). Let h be n*(-1)/(-6)*45. Suppose 2*p + 2 = h. Calculate the remainder when 27 is divided by p.
13
Suppose -4*d + 4 = c - 13, 4*d = 3*c - 3. What is the remainder when d is divided by 1?
0
Let r be ((-1)/3)/(1/(-3)). What is the remainder when (-3423)/(-84) + (-3)/4 is divided by 10*(-3)/(-2) - r?
12
Let w(o) = -o**3 + 10*o**2 - 6*o - 8. What is the remainder when w(8) is divided by 25?
22
Let r(i) = -i**2 + 8*i - 7. Let f(l) = l**3 + 7*l**2 - 12*l - 10. What is the remainder when f(-8) is divided by r(3)?
6
Let a = -42 + 108. Suppose 2*k = -5*d + 23, 3*k + 0*k = -3*d + 21. Suppose -3*q + 144 = -3*p, -q - q = k*p - a. Calculate the remainder when q is divided by 15.
13
Let a be ((-6)/(-4))/((-1)/4). Let u(h) = 5*h + 10 + 3*h**2 + 12 - 2*h**2 - 21. What is the remainder when 20 is divided by u(a)?
6
Let y(p) = p**3 + 8*p**2 - p - 7. Let a be y(-8). Suppose -m + k = -2, 4*m + k - 27 = a. What is the remainder when 11 is divided by m?
5
Let c = 12 - -16. What is the remainder when 54 is divided by c?
26
Let f = 109 + -50. Let z = -39 + 59. What is the remainder when f is divided by z?
19
Suppose 0 = -3*y - 2*k + 21, 3*k + 2*k = -4*y + 35. Suppose -5*w - 15 = n - 2*w, -y*n = 4*w + 86. Let f = 29 + n. What is the remainder when 20 is divided by f?
9
Let z be 2 - (1 + -2) - 1. Let u(a) = -a + 2. Let h be u(z). What is the remainder when 10 is divided by -1 + (h - -1*5)?
2
Let o(y) = y**3 + 17*y**2 - 20*y - 25. Calculate the remainder when 19 is divided by o(-18).
8
Suppose 2*u + 4*p - 15 = 5*p, 3*u - 20 = 2*p. Suppose c = -m + u, -5*m + 17 = 2*c - 4*m. Calculate the remainder when 20 is divided by c.
6
Let p(n) = -14*n - 29. What is the remainder when p(-4) is divided by 11?
5
Let s = -122 + 171. Let a be (0 - (-43)/(-1)) + 2. Let i = a - -58. Calculate the remainder when s is divided by i.
15
Let c = -20 - -49. What is the remainder when c is divided by (-9)/(-15) - (-282)/30?
9
Suppose 0 = 2*p + 3*v - 15, -3*v + 5 = 2*p - 2*v. Suppose 0 = 2*r - p*r - 40. Calculate the remainder when r is divided by 11.
9
Suppose 2*s - 78 - 70 = -5*d, 0 = 3*s + 3*d - 204. Calculate the remainder when s is divided by 13.
12
What is the remainder when 151 is divided by ((-6)/(-4))/(9/228)?
37
Suppose -448 = -3*x + 2*a, -4*a + 732 = -2*x + 7*x. Suppose 2*m - x = -2*m. Let p(n) = 5*n. What is the remainder when m is divided by p(2)?
7
Suppose -5*s - y - 2*y = -138, 3*y - 111 = -4*s. What is the remainder when 53 is divided by s?
26
Suppose 3*i - 9 = -0*i, -4*i = -x + 23. What is the remainder when x is divided by 6?
5
Let m be (-2)/6*0/(-3). Suppose -4*h + 0*h + 108 = m. Calculate the remainder when h is divided by 10.
7
Let g be ((-2)/((-4)/(-2)))/1. What is the remainder when 55*g/(-3)*3 is divided by 29?
26
Suppose -3*a + 5*f = -29, 0 = 3*f - 12 - 3. What is the remainder when 23 is divided by a?
5
Suppose 2*m + 3*y = 16, 1 = -2*y - 3. What is the remainder when 42 is divided by m?
9
Let t = 12 + 7. Calculate the remainder when t is divided by 11.
8
Suppose 0 = 4*a + 85 - 277. Let k = 143 - a. Suppose 0 = -0*z - 2*z, -5*d - z + k = 0. Calculate the remainder when d is divided by 10.
9
Suppose 0*k - 1 = -k. Suppose 0 = -2*h + h + 1. What is the remainder when (-9)/(k*(-1)/h) is divided by 4?
1
Suppose -2*h = -h - 71. What is the remainder when h is divided by 24?
23
Let n = -44 + 64. Calculate the remainder when 79 is divided by n.
19
Let u = 13 + 2. Let l = u - 9. Let k = 23 - 6. Calculate the remainder when k is divided by l.
5
Let y(i) be the second derivative of -i**4/12 + 5*i**3/3 - 9*i**2/2 - 5*i. Calculate the remainder when 47 is divided by y(7).
11
Suppose 2*y - y - 5 = -3*b, -4*b + 24 = -3*y. Suppose -x + 5*m = -3*x + 53, -b*x + 3*m = -27. Calculate the remainder when 53 is divided by x.
11
Calculate the remainder when (-4 - 1*-21) + 2 is divided by (-6)/9 - 23/(-3).
5
Suppose 6*c - 304 = 98. Calculate the remainder when c is divided by 15.
7
Let r(q) = 5*q - 1. Let n(d) = d**2 - 2*d + 1. Let t be n(2). What is the remainder when r(t) is divided by 2?
0
Suppose 5*j + 2 - 37 = 0. Let v(g) = 4*g**3 - 4*g**2 + 3*g - 2. Calculate the remainder when v(2) is divided by j.
6
Let p be (-52)/(-10) + (-1)/5. Suppose -5*t + 15 = i - p, 2*i + 2 = 4*t. Calculate the remainder when i is divided by 3.
2
Let c be (3/(-3))/(-2)*0. Suppose -2*j = -c*j + 2*q - 14, -3*q + 9 = 0. Suppose -y = j*y - 125. What is the remainder when y is divided by 13?
12
Suppose 4*f - 2*j + 5*j = 68, -5*f + 62 = -2*j. Calculate the remainder when f is divided by 5.
4
Calculate the remainder when 2/17 + 6450/85 is divided by 26.
24
Suppose -4*t = -t - d - 14, -14 = -t - 2*d. Calculate the remainder when 8 is divided by (-4)/6*(-27)/t.
2
Suppose 3*r - 22 = -p + r, 0 = 4*p + 5*r - 73. What is the remainder when 34 is divided by (2 + -2)/4 + p?
10
Let x = 50 - 7. What is the remainder when x is divided by 22?
21
Let d = -5 - -7. Suppose -5*u + d*u = -24. Calculate the remainder when 22 is divided by u.
6
Suppose -5*r = -3*s + 126, s + 5*r = -3*s + 203. Suppose 4*b - s - 9 = 0. What is the remainder when 41 is divided by b?
13
Suppose 3*k - 43 = -2*q, 2*k - 3*q - 27 = -4*q. Calculate the remainder when 43 is divided by k.
10
Suppose 0 = 64*d - 69*d + 280. Let p be (-5)/(-7) - (-4)/14. What is the remainder when d is divided by 21*1 + -2*p?
18
Suppose 0 = -5*j - 3*d + 16, -2*j + 4*d - 12 + 34 = 0. Suppose 2*w + c = -5, c - 5*c = -3*w + 9. Let m = w + j. What is the remainder when 6 is divided by m?
2
Let a(i) = -11*i - 1. Let l(h) = 9*h - 52. Calculate the remainder when a(-4) is divided by l(7).
10
Suppose -10*c - 9 + 159 = 0. Let q = 8 + -2. Calculate the remainder when c is divided by q.
3
Let u(l) = 4*l + 1. Let c = -39 + 59. What is the remainder when 7*4/(16/c) is divided by u(2)?
8
Suppose -24 = 2*q + q. Let a = -14 - -51. Calculate the remainder when a is divided by 154/8 - (-2)/q.
18
Let x be 1*(-1 - -3 - 1). Suppose -3*v - l + x = -10, -3*v + 2*l + 23 = 0. Calculate the remainder when 8 is divided by v.
3
Let l(u) = u**2 - 8*u. Let m be l(7). Let v(c) = -c**3 - 7*c**2 - 2*c + 6. Calculate the remainder when v(m) is divided by 7.
6
Let g(t) = -2*t - 6. Let x be (-9)/6*8/(-6). Suppose 0 = -4*h - 30 + x. What is the remainder when g(h) is divided by 3?
2
Let s = -6 + 10. Let p(a) = -a + 23. Calculate the remainder when p(8) is divided by s.
3
Suppose -2*r - 3 = -9. Suppose 12 = h - 4*k, 4*k + 2 = -2. Calculate the remainder when h is divided by r.
2
Let z = -6 + 9. Suppose -o = 2*o + z*i + 6, -o - 5*i = 18. Calculate the remainder when o is divided by 1.
0
Suppose 38 = 2*w + k - 5*k, 67 = 3*w - 4*k. Calculate the remainder when w is divided by 4.
1
Calculate the remainder when 42 is divided by ((-44)/(-8))/((-3)/(-6)).
9
Suppose 31 + 17 = 3*z. Let i = 62 + -32. What is the remainder when i is divided by z?
14
Suppose -2*g + 2 = -0*g, -3*g + 20 = w. Calculate the remainder when 83 is divided by w.
15
Suppose 0 = -0*n + 2*n + i + 1, 9 = 3*i. Let x = n - -27. What is the remainder when x is divided by 9?
7
Let r(v) = 2*v**2 + 3*v. Let x be r(-3). Let m be (0 + 1)/(1/x). Let d = -1 + m. Calculate the remainder when 22 is divided by d.
6
What is the remainder when -2*